{"id":609,"date":"2016-10-28T11:15:33","date_gmt":"2016-10-28T11:15:33","guid":{"rendered":"https:\/\/wissen.science-and-fun.de\/privat\/?page_id=609"},"modified":"2024-01-20T17:06:24","modified_gmt":"2024-01-20T17:06:24","slug":"agorameter","status":"publish","type":"page","link":"https:\/\/wissen.science-and-fun.de\/privat\/agorameter\/","title":{"rendered":"Agorameter"},"content":{"rendered":"<p>Das Agorameter stellt Daten zur aktuellen Stromerzeugung und des Stromverbrauches dar. Da ich mich gerne \u00fcber die Energiewende \u00e4u\u00dfere, ist dies hier f\u00fcr mich eine wichtige Informationsquelle. Wer das in detaillierter Form sehen m\u00f6chte, der kann das direkt bei <a href=\"https:\/\/www.agora-energiewende.de\/daten-tools\/agorameter\/\" target=\"_blank\" rel=\"noopener\">Agora-Energiewende.de<\/a> tun.<\/p>","protected":false},"excerpt":{"rendered":"<p>Das Agorameter stellt Daten zur aktuellen Stromerzeugung und des Stromverbrauches dar. Da ich mich gerne \u00fcber die Energiewende \u00e4u\u00dfere, ist dies hier f\u00fcr mich eine wichtige Informationsquelle. Wer das in detaillierter Form sehen m\u00f6chte, der kann das direkt bei Agora-Energiewende.de tun.<\/p>","protected":false},"author":1,"featured_media":0,"parent":0,"menu_order":0,"comment_status":"closed","ping_status":"closed","template":"","meta":{"wprm-recipe-roundup-name":"","wprm-recipe-roundup-description":"","jetpack_post_was_ever_published":false,"footnotes":""},"class_list":["post-609","page","type-page","status-publish","hentry","nodate","item-wrap"],"jetpack_shortlink":"https:\/\/wp.me\/P5DDOx-9P","jetpack_sharing_enabled":true,"_links":{"self":[{"href":"https:\/\/wissen.science-and-fun.de\/privat\/wp-json\/wp\/v2\/pages\/609","targetHints":{"allow":["GET"]}}],"collection":[{"href":"https:\/\/wissen.science-and-fun.de\/privat\/wp-json\/wp\/v2\/pages"}],"about":[{"href":"https:\/\/wissen.science-and-fun.de\/privat\/wp-json\/wp\/v2\/types\/page"}],"author":[{"embeddable":true,"href":"https:\/\/wissen.science-and-fun.de\/privat\/wp-json\/wp\/v2\/users\/1"}],"replies":[{"embeddable":true,"href":"https:\/\/wissen.science-and-fun.de\/privat\/wp-json\/wp\/v2\/comments?post=609"}],"version-history":[{"count":5,"href":"https:\/\/wissen.science-and-fun.de\/privat\/wp-json\/wp\/v2\/pages\/609\/revisions"}],"predecessor-version":[{"id":1208,"href":"https:\/\/wissen.science-and-fun.de\/privat\/wp-json\/wp\/v2\/pages\/609\/revisions\/1208"}],"wp:attachment":[{"href":"https:\/\/wissen.science-and-fun.de\/privat\/wp-json\/wp\/v2\/media?parent=609"}],"curies":[{"name":"wp","href":"https:\/\/api.w.org\/{rel}","templated":true}]}}