{"id":2767,"date":"2011-09-13T19:54:06","date_gmt":"2011-09-13T19:54:06","guid":{"rendered":"https:\/\/wissen.science-and-fun.de\/kochen\/?page_id=2767"},"modified":"2019-09-15T15:24:52","modified_gmt":"2019-09-15T15:24:52","slug":"kurbis","status":"publish","type":"page","link":"https:\/\/wissen.science-and-fun.de\/kochen\/","title":{"rendered":"K\u00fcrbis"},"content":{"rendered":"<p>Der K\u00fcrbis (Flaschenapfel) ist eine Pflanzengattung der Kukurbitazeen. Es gibt mittlerweile sehr viele unterschiedliche Sorten von K\u00fcrbissen. Manche davon werden zur Ern\u00e4hrung verwendet, andere dienen als reine Zierfr\u00fcchte.<br \/>\nDomestiziert wurde der K\u00fcrbis nach neueren Forschungsergebnissen ca. 8000-10000 Jahre vor Christus.<br \/>\nWeitergehende Informationen finden sich zum Beispiel in der <a href=\"http:\/\/de.wikipedia.org\/wiki\/K%C3%BCrbisse\" target=\"_blank\" rel=\"noopener noreferrer\">Wikipedia<\/a>!<\/p>\n<p><a href=\"https:\/\/wissen.science-and-fun.de\/kochen\/files\/2011\/09\/k\u00fcrbis.jpg\"><img loading=\"lazy\" decoding=\"async\" class=\"size-full wp-image-4437 alignnone\" title=\"k\u00fcrbis\" src=\"https:\/\/wissen.science-and-fun.de\/kochen\/files\/2011\/09\/k\u00fcrbis.jpg\" alt=\"\" width=\"640\" height=\"480\" \/><\/a><\/p>\n<p><strong>Rezept\u00fcbersicht<\/strong><br \/>\n<a href=\"https:\/\/wissen.science-and-fun.de\/kochen\/2011\/09\/14\/curry-kurbissuppe\/\">Curry K\u00fcrbissuppe<\/a><br \/>\n<a href=\"https:\/\/wissen.science-and-fun.de\/kochen\/2011\/04\/07\/deftiger-kartoffelsalat-mit-kurbis\/\">Deftiger Kartoffelsalat mit K\u00fcrbis<\/a><br \/>\n<a href=\"https:\/\/wissen.science-and-fun.de\/kochen\/2011\/07\/21\/emmentaler-kurbis-schnitzel\/\">Emmentaler K\u00fcrbis-Schnitzel<br \/>\n<\/a><a title=\"Entenbrust mit glaciertem K\u00fcrbis\" href=\"https:\/\/wissen.science-and-fun.de\/kochen\/2011\/04\/22\/entenbrust-mit-glaciertem-kurbis\/\">Entenbrust mit glaciertem K\u00fcrbis<\/a><br \/>\n<a href=\"https:\/\/wissen.science-and-fun.de\/kochen\/2011\/09\/14\/fisch-in-kurbiskernsauce\/\">Fisch in K\u00fcrbiskernsauce<\/a><br \/>\n<a href=\"https:\/\/wissen.science-and-fun.de\/kochen\/2011\/04\/22\/gebackene-kurbislaibchen\/\">Gebackene K\u00fcrbislaibchen<\/a><br \/>\n<a href=\"https:\/\/wissen.science-and-fun.de\/kochen\/2011\/04\/22\/gefullter-kurbis-casar\/\">Gef\u00fcllter K\u00fcrbis &#8222;C\u00e4sar&#8220;<\/a><br \/>\n<a href=\"https:\/\/wissen.science-and-fun.de\/kochen\/2013\/02\/27\/gefullte-bischofsmutzen\/\">Gef\u00fcllte Bischofsm\u00fctzen<\/a><br \/>\n<a href=\"https:\/\/wissen.science-and-fun.de\/kochen\/2014\/08\/03\/gelbe-patissons-gefuellt-mit-lammragout\/\">Gelbe Patissons gef\u00fcllt mit Lammragout<\/a><br \/>\n<a href=\"https:\/\/wissen.science-and-fun.de\/kochen\/2011\/04\/14\/gerosteter-kurbis-mit-suskartoffel-und-schafskase\/\">Ger\u00f6steter K\u00fcrbis mit S\u00fc\u00dfkartoffel und Schafsk\u00e4se<\/a><br \/>\n<a href=\"https:\/\/wissen.science-and-fun.de\/kochen\/2011\/09\/14\/grun-gelbe-zucchini-kurbis-suppe\/\">Gr\u00fcn-Gelbe Zucchini-K\u00fcrbis-Suppe<\/a><br \/>\n<a href=\"https:\/\/wissen.science-and-fun.de\/kochen\/2011\/09\/19\/honigbrot-mit-kurbis-und-aprikosen\/\">Honigbrot mit K\u00fcrbis und Aprikosen<\/a><br \/>\n<a href=\"https:\/\/wissen.science-and-fun.de\/kochen\/2011\/04\/23\/kalbsrollchen-mit-kurbisfullung\/\">Kalbsr\u00f6llchen mit K\u00fcrbisf\u00fcllung<\/a><br \/>\n<a href=\"https:\/\/wissen.science-and-fun.de\/kochen\/2011\/09\/14\/2800\/\">Kalte K\u00fcrbissuppe nach Thai-Art<\/a><br \/>\n<a href=\"https:\/\/wissen.science-and-fun.de\/kochen\/2014\/11\/07\/kaninchen-im-kuerbis\/\">Kaninchen im K\u00fcrbis<\/a><br \/>\n<a href=\"https:\/\/wissen.science-and-fun.de\/kochen\/2011\/09\/14\/kartoffelbuchteln-mit-kurbis\/\">Kartoffelbuchteln mit K\u00fcrbis<\/a><br \/>\n<a title=\"Kr\u00e4uterquark mit K\u00fcrbiskernsauce\" href=\"https:\/\/wissen.science-and-fun.de\/kochen\/2013\/03\/05\/krauterquark-mit-kurbiskernsauce\/\">Kr\u00e4uterquark mit K\u00fcrbiskernsauce<br \/>\n<\/a><a title=\"K\u00fcrbis englisch\" href=\"https:\/\/wissen.science-and-fun.de\/kochen\/2013\/02\/27\/kurbis-englisch\/\">K\u00fcrbis englisch<\/a><br \/>\n<a href=\"https:\/\/wissen.science-and-fun.de\/kochen\/2011\/04\/30\/kurbis-sus-sauer\/\">K\u00fcrbis s\u00fc\u00df-sauer<\/a><br \/>\n<a href=\"https:\/\/wissen.science-and-fun.de\/kochen\/2011\/04\/22\/kurbis-mit-beerensaft\/\">K\u00fcrbis mit Beerensaft<\/a><br \/>\n<a href=\"https:\/\/wissen.science-and-fun.de\/kochen\/2011\/04\/22\/kurbis-chutney\/\">K\u00fcrbis-Chutney<\/a><br \/>\n<a title=\"K\u00fcrbis-Gnocchi\" href=\"https:\/\/wissen.science-and-fun.de\/kochen\/2013\/02\/27\/kurbis-gnocchi\/\">K\u00fcrbis-Gnocchi<\/a><br \/>\n<a href=\"https:\/\/wissen.science-and-fun.de\/kochen\/2014\/10\/14\/kuerbis-kaffee-gulasch\/\">K\u00fcrbis-Kaffee Gulasch<\/a><br \/>\n<a href=\"https:\/\/wissen.science-and-fun.de\/kochen\/2011\/07\/31\/kurbis-mais-muffins\/\">K\u00fcrbis-Mais Muffins<\/a><br \/>\n<a href=\"https:\/\/wissen.science-and-fun.de\/kochen\/2011\/04\/22\/kurbis-mandel-eier\/\">K\u00fcrbis-Mandel-Eier<\/a><br \/>\n<a href=\"https:\/\/wissen.science-and-fun.de\/kochen\/2011\/08\/08\/kurbis-mohn-muffin\/\">K\u00fcrbis-Mohn Muffin<\/a><br \/>\n<a href=\"https:\/\/wissen.science-and-fun.de\/kochen\/2014\/10\/15\/kuerbis-mozzarella-lasagne\/\">K\u00fcrbis-Mozzarella-Lasagne<\/a><br \/>\n<a href=\"https:\/\/wissen.science-and-fun.de\/kochen\/2011\/07\/31\/kurbis-muffins\/\">K\u00fcrbis-Muffins<\/a><br \/>\n<a href=\"https:\/\/wissen.science-and-fun.de\/kochen\/2011\/04\/23\/kurbis-nuskuchen\/\">K\u00fcrbis-Nu\u00dfkuchen<\/a><br \/>\n<a href=\"https:\/\/wissen.science-and-fun.de\/kochen\/2011\/09\/14\/kurbis-schoko-muffins\/\">K\u00fcrbis-Schoko-Muffins<\/a><br \/>\n<a href=\"https:\/\/wissen.science-and-fun.de\/kochen\/2011\/07\/31\/kurbis-schokochips-muffin\/\">K\u00fcrbis-Schokochips Muffin<\/a><br \/>\n<a title=\"K\u00fcrbis-Spaghetti mit Pesto\" href=\"https:\/\/wissen.science-and-fun.de\/kochen\/2011\/09\/19\/kurbis-spaghetti-mit-pesto\/\">K\u00fcrbis-Spaghetti mit Pesto<\/a><br \/>\n<a href=\"https:\/\/wissen.science-and-fun.de\/kochen\/2011\/04\/22\/kurbis-strudel\/\">K\u00fcrbis-Strudel<\/a><br \/>\n<a title=\"K\u00fcrbis-Zimt-Muffins\" href=\"https:\/\/wissen.science-and-fun.de\/kochen\/2011\/09\/19\/kurbis-zimt-muffins\/\">K\u00fcrbis-Zimt-Muffins<\/a><br \/>\n<a href=\"https:\/\/wissen.science-and-fun.de\/kochen\/2011\/09\/14\/kurbisbrot\/\">K\u00fcrbisbrot<\/a><br \/>\n<a title=\"K\u00fcrbiscremesuppe mit Croutons\" href=\"https:\/\/wissen.science-and-fun.de\/kochen\/2011\/04\/22\/kurbiscremesuppe-mit-croutons\/\">K\u00fcrbiscremesuppe mit Croutons<\/a><br \/>\n<a href=\"https:\/\/wissen.science-and-fun.de\/kochen\/2011\/07\/05\/kurbiscurry-mit-reisplatzchen\/\">K\u00fcrbiscurry mit Reispl\u00e4tzchen<\/a><br \/>\n<a href=\"https:\/\/wissen.science-and-fun.de\/kochen\/2011\/04\/22\/kurbisgugelhupf\/\">K\u00fcrbisgugelhupf<\/a><br \/>\n<a title=\"K\u00fcrbiskern-Karamel-Torte\" href=\"https:\/\/wissen.science-and-fun.de\/kochen\/2011\/04\/22\/kurbiskern-karamel-torte\/\">K\u00fcrbiskern-Karamel-Torte<\/a><br \/>\n<a title=\"K\u00fcrbiskerntorte\" href=\"https:\/\/wissen.science-and-fun.de\/kochen\/2011\/04\/22\/kurbiskerntorte\/\">K\u00fcrbiskerntorte<\/a><br \/>\n<a href=\"https:\/\/wissen.science-and-fun.de\/kochen\/2011\/04\/22\/kurbiskompott-3-varianten\/\">K\u00fcrbiskompott (3 Varianten)<\/a><br \/>\n<a href=\"https:\/\/wissen.science-and-fun.de\/kochen\/2011\/09\/18\/kurbiskonfiture\/\">K\u00fcrbiskonfit\u00fcre<\/a><br \/>\n<a href=\"https:\/\/wissen.science-and-fun.de\/kochen\/2011\/04\/23\/kurbiskraut\/\">K\u00fcrbiskraut<\/a><br \/>\n<a href=\"https:\/\/wissen.science-and-fun.de\/kochen\/2011\/04\/22\/kurbisnockerln\/\">K\u00fcrbisnockerln<\/a><br \/>\n<a href=\"https:\/\/wissen.science-and-fun.de\/kochen\/2011\/04\/22\/kurbisrisotto-mit-pfifferlingen\/\">K\u00fcrbisrisotto mit Pfifferlingen<\/a><br \/>\n<a title=\"K\u00fcrbissalat mit N\u00fcssen\" href=\"https:\/\/wissen.science-and-fun.de\/kochen\/2011\/04\/22\/kurbissalat-mit-nussen\/\">K\u00fcrbissalat mit N\u00fcssen<\/a><br \/>\n<a href=\"https:\/\/wissen.science-and-fun.de\/kochen\/2011\/04\/23\/kurbissuppe\/\">K\u00fcrbissuppe<\/a><br \/>\n<a title=\"K\u00fcrbissuppe mit Muscheln\" href=\"https:\/\/wissen.science-and-fun.de\/kochen\/2013\/02\/26\/kurbissuppe-mit-muscheln\/\">K\u00fcrbissuppe mit Muscheln<\/a><br \/>\n<a href=\"https:\/\/wissen.science-and-fun.de\/kochen\/2014\/10\/13\/kuerbis-vom-blech\/\">K\u00fcrbis vom Blech<\/a><br \/>\n<a href=\"https:\/\/wissen.science-and-fun.de\/kochen\/2011\/04\/30\/ostfriesische-kurbissuppe\/\">Ostfriesische K\u00fcrbissuppe<\/a><br \/>\n<a href=\"https:\/\/wissen.science-and-fun.de\/kochen\/2011\/04\/23\/patissongratin\/\">Patissonsgratin<\/a><br \/>\n<a href=\"https:\/\/wissen.science-and-fun.de\/kochen\/2014\/08\/02\/patisson-salat-2\/\">Patisson-Salat<\/a><br \/>\n<a href=\"https:\/\/wissen.science-and-fun.de\/kochen\/2014\/08\/01\/patisson-gefuellt-mit-krevetten\/\">Patisson gef\u00fcllt mit Krevetten<\/a><br \/>\n<a href=\"https:\/\/wissen.science-and-fun.de\/kochen\/2014\/08\/02\/patissons-mit-couscous\/\">Patissons mit Couscous<\/a><br \/>\n<a href=\"https:\/\/wissen.science-and-fun.de\/kochen\/2011\/04\/22\/spaghetti-kurbis-mit-nus-tomatensauce\/\">Spaghetti-K\u00fcrbis mit Nu\u00df-Tomatensauce<\/a><br \/>\n<a href=\"https:\/\/wissen.science-and-fun.de\/kochen\/2011\/09\/14\/susser-geschmorter-kurbis\/\">S\u00fcsser geschmorter K\u00fcrbis<\/a><br \/>\n<a href=\"https:\/\/wissen.science-and-fun.de\/kochen\/2011\/04\/22\/suses-kurbismousse\/\">S\u00fc\u00dfes K\u00fcrbismousse<\/a><br \/>\n<a href=\"https:\/\/wissen.science-and-fun.de\/kochen\/2011\/04\/07\/ungarisches-kurbisgemuse\/\">Ungarisches K\u00fcrbisgem\u00fcse<\/a><br \/>\n<a href=\"https:\/\/wissen.science-and-fun.de\/kochen\/2011\/04\/22\/zuckerkurbis\/\">Zuckerk\u00fcrbis<\/a><\/p>\n","protected":false},"excerpt":{"rendered":"<p>Der K\u00fcrbis (Flaschenapfel) ist eine Pflanzengattung der Kukurbitazeen. Es gibt mittlerweile sehr viele unterschiedliche Sorten von K\u00fcrbissen. Manche davon werden zur Ern\u00e4hrung verwendet, andere dienen als reine Zierfr\u00fcchte. Domestiziert wurde der K\u00fcrbis nach neueren Forschungsergebnissen ca. 8000-10000 Jahre vor Christus. Weitergehende Informationen finden sich zum Beispiel in der Wikipedia! Rezept\u00fcbersicht Curry K\u00fcrbissuppe Deftiger Kartoffelsalat mit &hellip; <\/p>\n<p><a class=\"more-link btn\" href=\"https:\/\/wissen.science-and-fun.de\/kochen\/\">Weiterlesen<\/a><\/p>\n","protected":false},"author":1,"featured_media":0,"parent":1929,"menu_order":0,"comment_status":"open","ping_status":"closed","template":"","meta":{"wprm-recipe-roundup-name":"","wprm-recipe-roundup-description":"","_crdt_document":"","jetpack_post_was_ever_published":false,"footnotes":""},"class_list":["post-2767","page","type-page","status-publish","hentry","nodate","item-wrap"],"yoast_head":"<!-- This site is optimized with the Yoast SEO plugin v27.4 - https:\/\/yoast.com\/product\/yoast-seo-wordpress\/ -->\n<title>K\u00fcrbis<\/title>\n<meta name=\"description\" content=\"- K\u00fcrbis\" \/>\n<meta name=\"robots\" content=\"index, follow, max-snippet:-1, max-image-preview:large, max-video-preview:-1\" \/>\n<link rel=\"canonical\" href=\"https:\/\/wissen.science-and-fun.de\/kochen\/\" \/>\n<meta property=\"og:locale\" content=\"de_DE\" \/>\n<meta property=\"og:type\" content=\"article\" \/>\n<meta property=\"og:title\" content=\"K\u00fcrbis\" \/>\n<meta property=\"og:description\" content=\"- K\u00fcrbis\" \/>\n<meta property=\"og:url\" content=\"https:\/\/wissen.science-and-fun.de\/kochen\/\" \/>\n<meta property=\"og:site_name\" content=\"Steffen&#039;s Haushaltsblog\" \/>\n<meta property=\"article:publisher\" content=\"https:\/\/www.facebook.com\/steffen.thomas1\" \/>\n<meta property=\"article:modified_time\" content=\"2019-09-15T15:24:52+00:00\" \/>\n<meta name=\"twitter:label1\" content=\"Gesch\u00e4tzte Lesezeit\" \/>\n\t<meta name=\"twitter:data1\" content=\"1\u00a0Minute\" \/>\n<script type=\"application\/ld+json\" class=\"yoast-schema-graph\">{\"@context\":\"https:\\\/\\\/schema.org\",\"@graph\":[{\"@type\":\"WebPage\",\"@id\":\"https:\\\/\\\/wissen.science-and-fun.de\\\/kochen\\\/\",\"url\":\"https:\\\/\\\/wissen.science-and-fun.de\\\/kochen\\\/\",\"name\":\"K\u00fcrbis\",\"isPartOf\":{\"@id\":\"https:\\\/\\\/wissen.science-and-fun.de\\\/kochen\\\/#website\"},\"datePublished\":\"2011-09-13T19:54:06+00:00\",\"dateModified\":\"2019-09-15T15:24:52+00:00\",\"description\":\"- K\u00fcrbis\",\"breadcrumb\":{\"@id\":\"https:\\\/\\\/wissen.science-and-fun.de\\\/kochen\\\/#breadcrumb\"},\"inLanguage\":\"de\",\"potentialAction\":[{\"@type\":\"ReadAction\",\"target\":[\"https:\\\/\\\/wissen.science-and-fun.de\\\/kochen\\\/\"]}]},{\"@type\":\"BreadcrumbList\",\"@id\":\"https:\\\/\\\/wissen.science-and-fun.de\\\/kochen\\\/#breadcrumb\",\"itemListElement\":[{\"@type\":\"ListItem\",\"position\":1,\"name\":\"Home\",\"item\":\"https:\\\/\\\/wissen.science-and-fun.de\\\/kochen\\\/\"},{\"@type\":\"ListItem\",\"position\":2,\"name\":\"Infoseiten\",\"item\":\"https:\\\/\\\/wissen.science-and-fun.de\\\/kochen\\\/infoseiten\\\/\"},{\"@type\":\"ListItem\",\"position\":3,\"name\":\"K\u00fcrbis\"}]},{\"@type\":\"WebSite\",\"@id\":\"https:\\\/\\\/wissen.science-and-fun.de\\\/kochen\\\/#website\",\"url\":\"https:\\\/\\\/wissen.science-and-fun.de\\\/kochen\\\/\",\"name\":\"Steffen&#039;s Haushaltsblog\",\"description\":\"Kunst trifft Essen - Viele Bilder sind KI Kreationen und keine realen Abbildungen. - t.me\\\/ki_kunst \",\"publisher\":{\"@id\":\"https:\\\/\\\/wissen.science-and-fun.de\\\/kochen\\\/#\\\/schema\\\/person\\\/910dc13be3cb31f39d8707d607e929e8\"},\"potentialAction\":[{\"@type\":\"SearchAction\",\"target\":{\"@type\":\"EntryPoint\",\"urlTemplate\":\"https:\\\/\\\/wissen.science-and-fun.de\\\/kochen\\\/?s={search_term_string}\"},\"query-input\":{\"@type\":\"PropertyValueSpecification\",\"valueRequired\":true,\"valueName\":\"search_term_string\"}}],\"inLanguage\":\"de\"},{\"@type\":[\"Person\",\"Organization\"],\"@id\":\"https:\\\/\\\/wissen.science-and-fun.de\\\/kochen\\\/#\\\/schema\\\/person\\\/910dc13be3cb31f39d8707d607e929e8\",\"name\":\"Steffen\",\"image\":{\"@type\":\"ImageObject\",\"inLanguage\":\"de\",\"@id\":\"https:\\\/\\\/secure.gravatar.com\\\/avatar\\\/6ff13dd29c0d1b8a17460ca74a1e0eee159c14d00728cf5e1a7ee30f8ffdf195?s=96&d=mm&r=g\",\"url\":\"https:\\\/\\\/secure.gravatar.com\\\/avatar\\\/6ff13dd29c0d1b8a17460ca74a1e0eee159c14d00728cf5e1a7ee30f8ffdf195?s=96&d=mm&r=g\",\"contentUrl\":\"https:\\\/\\\/secure.gravatar.com\\\/avatar\\\/6ff13dd29c0d1b8a17460ca74a1e0eee159c14d00728cf5e1a7ee30f8ffdf195?s=96&d=mm&r=g\",\"caption\":\"Steffen\"},\"logo\":{\"@id\":\"https:\\\/\\\/secure.gravatar.com\\\/avatar\\\/6ff13dd29c0d1b8a17460ca74a1e0eee159c14d00728cf5e1a7ee30f8ffdf195?s=96&d=mm&r=g\"},\"sameAs\":[\"https:\\\/\\\/sthomas.de\",\"https:\\\/\\\/www.facebook.com\\\/steffen.thomas1\",\"https:\\\/\\\/x.com\\\/steto123\"]}]}<\/script>\n<!-- \/ Yoast SEO plugin. -->","yoast_head_json":{"title":"K\u00fcrbis","description":"- K\u00fcrbis","robots":{"index":"index","follow":"follow","max-snippet":"max-snippet:-1","max-image-preview":"max-image-preview:large","max-video-preview":"max-video-preview:-1"},"canonical":"https:\/\/wissen.science-and-fun.de\/kochen\/","og_locale":"de_DE","og_type":"article","og_title":"K\u00fcrbis","og_description":"- K\u00fcrbis","og_url":"https:\/\/wissen.science-and-fun.de\/kochen\/","og_site_name":"Steffen&#039;s Haushaltsblog","article_publisher":"https:\/\/www.facebook.com\/steffen.thomas1","article_modified_time":"2019-09-15T15:24:52+00:00","twitter_misc":{"Gesch\u00e4tzte Lesezeit":"1\u00a0Minute"},"schema":{"@context":"https:\/\/schema.org","@graph":[{"@type":"WebPage","@id":"https:\/\/wissen.science-and-fun.de\/kochen\/","url":"https:\/\/wissen.science-and-fun.de\/kochen\/","name":"K\u00fcrbis","isPartOf":{"@id":"https:\/\/wissen.science-and-fun.de\/kochen\/#website"},"datePublished":"2011-09-13T19:54:06+00:00","dateModified":"2019-09-15T15:24:52+00:00","description":"- K\u00fcrbis","breadcrumb":{"@id":"https:\/\/wissen.science-and-fun.de\/kochen\/#breadcrumb"},"inLanguage":"de","potentialAction":[{"@type":"ReadAction","target":["https:\/\/wissen.science-and-fun.de\/kochen\/"]}]},{"@type":"BreadcrumbList","@id":"https:\/\/wissen.science-and-fun.de\/kochen\/#breadcrumb","itemListElement":[{"@type":"ListItem","position":1,"name":"Home","item":"https:\/\/wissen.science-and-fun.de\/kochen\/"},{"@type":"ListItem","position":2,"name":"Infoseiten","item":"https:\/\/wissen.science-and-fun.de\/kochen\/infoseiten\/"},{"@type":"ListItem","position":3,"name":"K\u00fcrbis"}]},{"@type":"WebSite","@id":"https:\/\/wissen.science-and-fun.de\/kochen\/#website","url":"https:\/\/wissen.science-and-fun.de\/kochen\/","name":"Steffen&#039;s Haushaltsblog","description":"Kunst trifft Essen - Viele Bilder sind KI Kreationen und keine realen Abbildungen. - t.me\/ki_kunst ","publisher":{"@id":"https:\/\/wissen.science-and-fun.de\/kochen\/#\/schema\/person\/910dc13be3cb31f39d8707d607e929e8"},"potentialAction":[{"@type":"SearchAction","target":{"@type":"EntryPoint","urlTemplate":"https:\/\/wissen.science-and-fun.de\/kochen\/?s={search_term_string}"},"query-input":{"@type":"PropertyValueSpecification","valueRequired":true,"valueName":"search_term_string"}}],"inLanguage":"de"},{"@type":["Person","Organization"],"@id":"https:\/\/wissen.science-and-fun.de\/kochen\/#\/schema\/person\/910dc13be3cb31f39d8707d607e929e8","name":"Steffen","image":{"@type":"ImageObject","inLanguage":"de","@id":"https:\/\/secure.gravatar.com\/avatar\/6ff13dd29c0d1b8a17460ca74a1e0eee159c14d00728cf5e1a7ee30f8ffdf195?s=96&d=mm&r=g","url":"https:\/\/secure.gravatar.com\/avatar\/6ff13dd29c0d1b8a17460ca74a1e0eee159c14d00728cf5e1a7ee30f8ffdf195?s=96&d=mm&r=g","contentUrl":"https:\/\/secure.gravatar.com\/avatar\/6ff13dd29c0d1b8a17460ca74a1e0eee159c14d00728cf5e1a7ee30f8ffdf195?s=96&d=mm&r=g","caption":"Steffen"},"logo":{"@id":"https:\/\/secure.gravatar.com\/avatar\/6ff13dd29c0d1b8a17460ca74a1e0eee159c14d00728cf5e1a7ee30f8ffdf195?s=96&d=mm&r=g"},"sameAs":["https:\/\/sthomas.de","https:\/\/www.facebook.com\/steffen.thomas1","https:\/\/x.com\/steto123"]}]}},"jetpack_shortlink":"https:\/\/wp.me\/P1tRoY-ID","jetpack-related-posts":[{"id":4841,"url":"https:\/\/wissen.science-and-fun.de\/kochen\/infoseiten\/ernahrungstips-fur-den-winter\/","url_meta":{"origin":2767,"position":0},"title":"Ern\u00e4hrungstips f\u00fcr den Winter","author":"Steffen","date":"8. Januar 2013","format":false,"excerpt":"Die kalte Jahreszeit ist ja die Jahreszeit in der heimisches Gem\u00fcse langsam rar wird, da die Vegetationsperiode eigentlich vorbei ist. Aber dank globaler Vernetzung stehen uns mittlerweile auch frisches Obst und Gem\u00fcse zur Verf\u00fcgung. Inwieweit das teilweise aus Gew\u00e4chsh\u00e4usern stammende Zeug gesund ist, ist eine andere Frage. Hier will ich\u2026","rel":"","context":"\u00c4hnlicher Beitrag","block_context":{"text":"\u00c4hnlicher Beitrag","link":""},"img":{"alt_text":"","src":"https:\/\/i0.wp.com\/wissen.science-and-fun.de\/kochen\/files\/2013\/01\/winter-1-150x150.jpg?resize=350%2C200&ssl=1","width":350,"height":200},"classes":[]},{"id":6634,"url":"https:\/\/wissen.science-and-fun.de\/kochen\/infoseiten\/steaks-und-co\/","url_meta":{"origin":2767,"position":1},"title":"Steaks und Co.","author":"Steffen","date":"30. April 2019","format":false,"excerpt":"Kollagen Fleisch besteht aus Muskeln, Bindegewebe, Fett und Knochen. Der Muskel enth\u00e4lt Proteine und Glykogen. Mit zunehmender Temperatur des Fleisches wird Glykogen, ein langkettiger Zucker, zu Einfachzucker reduziert. Diese karamellisiert und ist f\u00fcr eine der Geschmackskomponenten verantwortlich. Proteine (geschmacklos) werden zu Aminos\u00e4uren denaturiert, die nicht nur selbst Aromen haben, sondern\u2026","rel":"","context":"\u00c4hnlicher Beitrag","block_context":{"text":"\u00c4hnlicher Beitrag","link":""},"img":{"alt_text":"","src":"","width":0,"height":0},"classes":[]},{"id":6931,"url":"https:\/\/wissen.science-and-fun.de\/kochen\/infoseiten\/amaranth\/","url_meta":{"origin":2767,"position":2},"title":"Amaranth","author":"Steffen","date":"10. Juni 2019","format":false,"excerpt":"\u00c4hnlich wie das Quinoa eines der Hauptnahrungsmittel der Inkas war, bildete das Amaranth in alter Zeit die Ern\u00e4hrungsgrundlage der mexikanischen Azteken. Auch Amaranth geriet \u00fcber 500 Jahre lang in Vergessenheit, und zwar ebenfalls wegen der spanischen Eroberer, die das Aztekenreich im 16. Jahrhundert zerst\u00f6rten. Einer der Gr\u00fcnde f\u00fcr die \u00e4chtung\u2026","rel":"","context":"\u00c4hnlicher Beitrag","block_context":{"text":"\u00c4hnlicher Beitrag","link":""},"img":{"alt_text":"","src":"","width":0,"height":0},"classes":[]},{"id":8043,"url":"https:\/\/wissen.science-and-fun.de\/kochen\/haushaltstipps\/fit-und-schlank-mit-fruchtexoten\/","url_meta":{"origin":2767,"position":3},"title":"Fit und schlank mit Fruchtexoten","author":"Steffen","date":"21. November 2021","format":false,"excerpt":"Fit und schlank mit Fruchtexoten Drei wichtige Essregeln sollten beachtet werden: 1. Statt drei gro\u00dfer Mahlzeiten lieber f\u00fcnf Kleine. Das sorgt f\u00fcr einen gleichm\u00e4\u00dfigen Blutzuckerspiegel, wodurch Hei\u00dfhungeranf\u00e4lle ausbleiben. 2. Alle Speisen lang und gut durchkauen, um die Nahrung gut aufzuspalten, und dem Magen Arbeit abzunehmen. Au\u00dferdem tritt das S\u00e4ttigungsgef\u00fchl eher\u2026","rel":"","context":"\u00c4hnlicher Beitrag","block_context":{"text":"\u00c4hnlicher Beitrag","link":""},"img":{"alt_text":"","src":"","width":0,"height":0},"classes":[]},{"id":2222,"url":"https:\/\/wissen.science-and-fun.de\/kochen\/infoseiten\/sauerteig\/","url_meta":{"origin":2767,"position":4},"title":"Sauerteig","author":"Steffen","date":"24. Juli 2011","format":false,"excerpt":"Auf dieser Seite versuche ich mal Informationen rund um den Sauerteig zusammenzustellen. Was ist Sauerteig? Brockhaus Kleines Konversationslexikon von 1911 schreibt dazu kurz und knapp: Sauerteig, der Teil des in G\u00e4rung befindlichen Brotteigs, der bis zum n\u00e4chsten Backen aufgehoben wird, um in dem frischen Teig sogleich die G\u00e4rung einzuleiten. Kommen\u2026","rel":"","context":"\u00c4hnlicher Beitrag","block_context":{"text":"\u00c4hnlicher Beitrag","link":""},"img":{"alt_text":"","src":"","width":0,"height":0},"classes":[]}],"jetpack_sharing_enabled":true,"_links":{"self":[{"href":"https:\/\/wissen.science-and-fun.de\/kochen\/wp-json\/wp\/v2\/pages\/2767","targetHints":{"allow":["GET"]}}],"collection":[{"href":"https:\/\/wissen.science-and-fun.de\/kochen\/wp-json\/wp\/v2\/pages"}],"about":[{"href":"https:\/\/wissen.science-and-fun.de\/kochen\/wp-json\/wp\/v2\/types\/page"}],"author":[{"embeddable":true,"href":"https:\/\/wissen.science-and-fun.de\/kochen\/wp-json\/wp\/v2\/users\/1"}],"replies":[{"embeddable":true,"href":"https:\/\/wissen.science-and-fun.de\/kochen\/wp-json\/wp\/v2\/comments?post=2767"}],"version-history":[{"count":6,"href":"https:\/\/wissen.science-and-fun.de\/kochen\/wp-json\/wp\/v2\/pages\/2767\/revisions"}],"predecessor-version":[{"id":7402,"href":"https:\/\/wissen.science-and-fun.de\/kochen\/wp-json\/wp\/v2\/pages\/2767\/revisions\/7402"}],"up":[{"embeddable":true,"href":"https:\/\/wissen.science-and-fun.de\/kochen\/wp-json\/wp\/v2\/pages\/1929"}],"wp:attachment":[{"href":"https:\/\/wissen.science-and-fun.de\/kochen\/wp-json\/wp\/v2\/media?parent=2767"}],"curies":[{"name":"wp","href":"https:\/\/api.w.org\/{rel}","templated":true}]}}